n factor of 2860857 and 60147.
369
Calculate the highest common factor of 204945375 and 831.
831
Calculate the greatest common divisor of 10142829 and 1377.
153
What is the greatest common divisor of 126376355 and 3205?
3205
Calculate the greatest common factor of 31 and 12895659.
31
What is the highest common divisor of 215 and 29022377?
43
What is the highest common factor of 17 and 3474103?
17
What is the greatest common divisor of 5499 and 139737?
39
Calculate the highest common divisor of 208 and 4203728.
16
What is the highest common factor of 1053 and 930319?
13
What is the greatest common factor of 398 and 46656943?
199
What is the greatest common factor of 519 and 1046477?
173
What is the highest common divisor of 49325 and 120775?
25
Calculate the greatest common factor of 228 and 4554338.
38
Calculate the greatest common factor of 56316 and 1259529.
1083
What is the greatest common divisor of 189 and 228539691?
27
What is the highest common divisor of 424510 and 50?
10
What is the greatest common factor of 9559680 and 1040?
1040
Calculate the highest common factor of 125321680 and 80.
80
Calculate the highest common factor of 18 and 417311613.
9
Calculate the highest common factor of 1177809 and 15929.
937
What is the greatest common divisor of 935748 and 84524?
748
What is the highest common divisor of 12360 and 159003366?
618
What is the highest common divisor of 2367350 and 254752?
838
Calculate the greatest common divisor of 682 and 12948421.
31
Calculate the greatest common divisor of 27968 and 1275200.
64
Calculate the greatest common factor of 213 and 8360676.
213
What is the highest common divisor of 70 and 8451190?
10
What is the greatest common divisor of 167660 and 1953340?
2020
What is the highest common factor of 567987 and 14763?
777
What is the greatest common factor of 523422896 and 32?
16
Calculate the highest common divisor of 15623443 and 44677.
1039
Calculate the greatest common factor of 20589 and 609.
3
What is the highest common divisor of 1624 and 531553064?
1624
What is the greatest common factor of 370 and 613240738?
74
What is the highest common divisor of 173760 and 74934?
1086
Calculate the highest common factor of 6193 and 121275.
11
What is the greatest common factor of 1010 and 233310?
1010
Calculate the highest common factor of 1692673 and 187.
17
Calculate the highest common factor of 95 and 187918436.
19
What is the highest common factor of 165 and 5078810?
55
What is the highest common divisor of 205281 and 432?
27
Calculate the greatest common factor of 60 and 2494956.
12
What is the highest common divisor of 71316 and 96516?
252
What is the greatest common factor of 88 and 280424056?
88
What is the highest common factor of 608516 and 6556?
596
Calculate the greatest common divisor of 44809425 and 4500.
225
What is the highest common factor of 766175 and 14725?
475
Calculate the highest common factor of 400 and 133372.
4
Calculate the greatest common factor of 15384 and 41592.
24
What is the highest common factor of 3434 and 2093730?
202
Calculate the greatest common divisor of 9389367 and 3042.
117
What is the greatest common factor of 11570 and 20765747?
89
What is the greatest common divisor of 4138492 and 1548?
172
What is the highest common divisor of 1335854 and 25594?
382
Calculate the highest common factor of 36098983 and 533.
41
Calculate the highest common divisor of 247 and 203661.
19
Calculate the greatest common divisor of 152 and 1345352.
152
What is the highest common factor of 2024667 and 26289?
207
Calculate the greatest common divisor of 50660045 and 1240.
155
What is the greatest common factor of 11690 and 43479786?
2338
What is the highest common factor of 3496 and 1571478220?
1748
Calculate the greatest common factor of 51336 and 1891.
31
What is the greatest common divisor of 2605939981 and 251?
251
Calculate the greatest common factor of 2333630 and 87870.
290
What is the greatest common divisor of 918 and 9824742?
306
What is the greatest common divisor of 85 and 116093?
17
What is the greatest common factor of 54051 and 18705?
129
Calculate the greatest common divisor of 6441018 and 55227.
123
Calculate the greatest common factor of 545 and 16096800.
5
What is the greatest common divisor of 11594268 and 8340?
1668
Calculate the greatest common factor of 58261826 and 854.
14
Calculate the greatest common divisor of 76863042 and 18.
18
Calculate the highest common divisor of 13958407 and 57.
19
What is the greatest common divisor of 27360 and 5784930?
1710
Calculate the greatest common factor of 2835 and 1103781.
21
What is the greatest common divisor of 240451938 and 126?
18
Calculate the greatest common factor of 87 and 306626106.
87
What is the highest common divisor of 41004 and 80800660?
4556
Calculate the greatest common factor of 24256 and 15676198.
758
Calculate the greatest common divisor of 12 and 133113210.
6
Calculate the highest common divisor of 6075 and 347.
1
What is the greatest common factor of 174 and 667232?
58
Calculate the highest common divisor of 2758 and 130036942.
2758
What is the highest common factor of 27 and 13905441?
9
Calculate the greatest common divisor of 690950 and 915850.
650
What is the highest common factor of 15124421 and 13?
13
What is the highest common divisor of 35855 and 41915?
505
Calculate the highest common divisor of 1125836 and 16132.
148
What is the highest common factor of 142850 and 1390?
10
What is the greatest common divisor of 10400 and 280650?
50
Calculate the highest common factor of 464346370 and 94.
94
What is the greatest common divisor of 5821752 and 2280?
456
What is the highest common divisor of 80737154 and 3522?
1174
What is the highest common factor of 51146702 and 26?
2
Calculate the greatest common divisor of 91521508 and 13.
13
Calculate the greatest common factor of 5427 and 436347.
81
Calculate the greatest common divisor of 4403 and 7407733.
629
What is the greatest common factor of 33153 and 69359?
43
Calculate the highest common factor of 78 and 669896916.
78
Calculate the greatest common divisor of 161246 and 81511.
37
Calculate the greatest common factor of 159558740 and 3982.
3982
Calculate the greatest common factor of 6472 and 641992.
8
What is the greatest common divisor of 5451413 and 1936?
121
Calculate the greatest common factor of 4236 and 11482737.
1059
What is the greatest common factor of 54 and 174628197?
27
Calculate the greatest common factor of 6153528 and 41358.
678
What is the greatest common divisor of 5490 and 164130?
30
Calculate the greatest common divisor of 3215 and 3465127.
643
Calculate the greatest common divisor of 15 and 133209285.
15
Calculate the greatest common divisor of 115088773 and 227.
227
Calculate the greatest common factor of 1920201 and 897.
69
What is the highest common factor of 567588 and 4439582?
3262
What is the greatest common divisor of 12137632 and 166912?
5216
Calculate the highest common divisor of 750303428 and 812.
812
Calculate the greatest common divisor of 16843908 and 382.
382
What is the highest common factor of 9875 and 4671125?
125
What is the greatest common divisor of 6555127 and 121419?
1499
Calculate the greatest common factor of 1088033 and 32287.
389
Calculate the highest common factor of 16527 and 172767.
21
Calculate the highest common divisor of 114068128 and 128.
32
What is the highest common divisor of 18308 and 229133774?
9154
Calculate the greatest common divisor of 49159466 and 174.
58
Calculate the greatest common divisor of 3763 and 65561.
53
Calculate the greatest common factor of 2650003 and 6437.
157
Calculate the greatest common factor of 1292 and 1322685646.
646
Calculate the highest common factor of 138719 and 216923.
931
Calculate the greatest common factor of 354 and 5422454.
118
What is the greatest common divisor of 248 and 2903389816?
248
Calculate the greatest common factor of 230 and 1967620.
10
Calculate the highest common factor of 940700 and 48484.
92
What is the greatest common divisor of 3776 and 80098400?
1888
What is the highest common divisor of 185895 and 525555?
2295
What is the highest common factor of 1130358 and 54?
6
Calculate the greatest common factor of 490 and 50653358.
98
What is the grea